ided by j.
22
Suppose 40 = 5*h - 3*h. Let l be (-255)/30 - (-6)/4. Let m = l + h. What is the remainder when m is divided by 5?
3
Let h be (2/(-3))/((-4)/168). Let b = h - 20. Suppose 4*g - b*g + 132 = 0. Calculate the remainder when g is divided by 17.
16
Suppose 0 = 5*u - 2*u - 42. Suppose -6*y = -22 - u. Suppose 0 = -4*x + 5*n + 19, -y*x = -x + 5*n - 80. What is the remainder when 42 is divided by x?
9
Suppose 0 = 5*r - 0*z - 3*z - 780, 0 = 3*r - 3*z - 474. What is the remainder when r is divided by 26?
23
Let u(h) = -h**3 - 7*h**2 + 2*h - 16. Let f be u(-7). Let g = 177 - 95. Let c = f + g. What is the remainder when c is divided by 18?
16
Let y = -732 - -761. What is the remainder when 256 is divided by y?
24
Suppose -5*t + 147 = -2*f + 6*f, 0 = f + 2. Suppose 0 = 15*q - q + 14. What is the remainder when t is divided by 216/9*(q + (-8)/(-6))?
7
Let n(j) = j**2 - 18*j + 80. What is the remainder when 18 is divided by n(5)?
3
Suppose -14 = -w + 3*r + 2, -2*w - 5*r + 32 = 0. Calculate the remainder when 3*(-3)/(-9) + 61 is divided by w.
14
Suppose 98 = 2*o - 4. What is the remainder when o is divided by 20?
11
Let g(y) = 2*y - 16. Let r be g(6). Let b(d) = -d**3 + d**2 + 5*d + 5. Suppose 0 = k - 0*k - 2*o - 21, 2 = -o. What is the remainder when b(r) is divided by k?
14
Suppose -2*b - 174 = -0*b. Let p = 1712 - 1704. What is the remainder when (b/9)/(1/(-3)) is divided by p?
5
Suppose 3*j - 71 = -b, 11*b - 14*b - 3*j = -243. Let g = -5 + 27. What is the remainder when b is divided by g?
20
Suppose 12 = -0*m + 2*m. Let f = 84 - 78. Let o(j) = 2*j**2 - 10*j + 10. Calculate the remainder when o(f) is divided by m.
4
Let a(k) = 6*k**2 + 3*k - 46. What is the remainder when 432 is divided by a(4)?
60
Suppose 4*t + 12 = 0, 481 = -5*q - 4*t + 179. Let d = q + 86. Calculate the remainder when 138 is divided by d.
26
Let c(j) = 3*j - 86. Calculate the remainder when 67 is divided by c(31).
4
Let p(o) = 6*o**2 - 8*o - 12. What is the remainder when 102 is divided by p(-3)?
36
Let f(a) = 4*a + 14. What is the remainder when 130 is divided by f(-2)?
4
Let y = -9 + 374. What is the remainder when y is divided by 53?
47
Suppose 10*v - 5*v - 56 = 3*d, 3*d + 3*v + 48 = 0. Let c = 29 + d. Let b = -106 + 153. What is the remainder when b is divided by c?
11
Calculate the remainder when 35 is divided by 78/(-4)*8/(-12).
9
Let g = 30 - 27. Calculate the remainder when 59/g + 5*(-2)/(-30) is divided by 7.
6
Suppose -381 = 117*q - 118*q. What is the remainder when q is divided by 131?
119
Let m = -15 - -12. Let q(n) = 4*n**2 + 2*n + 3. What is the remainder when q(m) is divided by 10?
3
Suppose l = -5*v + 4, 3*l + 43 = -2*l - 4*v. What is the remainder when 9 + l + 162/2 is divided by 20?
19
Suppose 6 = 7*r - 15. Suppose -36 = -4*j - 6*g + 2*g, 4*j + r*g - 32 = 0. Calculate the remainder when j is divided by 4.
1
Let q(f) = -6*f - 2. Let m be q(-1). Let j be (-8)/(-16) - (-50)/m. Let c = j + -9. What is the remainder when 7 is divided by c?
3
Let v(x) = 11*x - 11 - 2*x + 5*x - 23. Let r = -1 + 14. Calculate the remainder when v(5) is divided by r.
10
Let k be 39 - ((-5)/(-1) + -2). Let a = -23 + k. What is the remainder when 23 is divided by a?
10
Suppose 3*k - k + 105 = -i, 164 = -3*k + 5*i. Let r = k + 18. Calculate the remainder when 100 is divided by 126/5 + (-28)/r.
22
Suppose -h + 138 = 5*s - 655, 0 = -3*h - 6. Calculate the remainder when s is divided by 57.
45
Let q be -1 + -3863*(4 - 3). What is the remainder when 2/(4/5)*q/(-210) is divided by 16?
14
Let n(h) = -31*h - 43. What is the remainder when n(-6) is divided by 33?
11
Suppose 3*j - 3*b - 33 = 0, -11*j + 14*j + 5*b = 49. What is the remainder when 34 is divided by j?
8
Suppose 5*z - 3*b = 58, 3*z + 4*b = 6*b + 34. Let t(i) = 15 + 7 - 2*i**3 + i**2 - i + 4 + 3*i**3. What is the remainder when t(0) is divided by z?
12
Calculate the remainder when (-7)/(28/(-8))*(196 - 2) is divided by 26.
24
Let h be (-3)/(-7) - (-880)/70. Let i = h - 0. What is the remainder when 23 is divided by i?
10
Let w(b) = 6*b - 3. Let z be 35 - 2/8*4. Suppose z = 3*n - 44. What is the remainder when n is divided by w(2)?
8
Let j be (-2 + (-5)/(-3))/((-4)/60). Suppose 2*o = 2*a - 78, -2*a = -j*a - o + 129. What is the remainder when 125 is divided by a?
41
Suppose w - 31 = -0*w. Let x = -57 - -74. What is the remainder when w is divided by x?
14
Suppose 14 = b - 81. Calculate the remainder when b is divided by 34.
27
Suppose 5*c - 133 = -y, 5*y = -3*c + 4*y + 81. Let j(h) = -7*h + 6. What is the remainder when j(-6) is divided by c?
22
Suppose t + 4*l = -8, -3*t + 36 = -0*t - 3*l. What is the remainder when ((-9)/(-3) - 58)*-1 is divided by t?
7
Let x(p) = -p**2 - 25*p - 62. Calculate the remainder when x(-14) is divided by 36.
20
Let p(f) be the second derivative of 1/6*f**4 - 5/6*f**3 - 1/2*f**2 + 4*f + 0. Calculate the remainder when 41 is divided by p(4).
8
Suppose 49 = w - 5*j, -w + 25 = 4*j - j. What is the remainder when 777 is divided by w?
29
Suppose 0 = -2*b + 3*n + 16, 4*n = -5*b + 68 - 5. Let l = -69 - -153. Let j = -32 + l. Calculate the remainder when j is divided by b.
8
Let g = 1888 - 1812. What is the remainder when g is divided by 1*3*39/9?
11
Suppose 2*l - 79 = 3*n, 21*n - 17*n = -3*l + 93. What is the remainder when 244 is divided by l?
34
Let q be -1*23/(-1) + -1. Let h = q + -9. Let x = 12 + h. What is the remainder when x is divided by 14?
11
Suppose 0*o + 4*o - 136 = 0. Suppose -3*f - 5*f = 0. Suppose 4*v + f*a - 32 = -2*a, 0 = -v + 3*a + 1. Calculate the remainder when o is divided by v.
6
Let u = -841 + 851. Calculate the remainder when 228 is divided by u.
8
Let q(h) = -72*h - 357. Calculate the remainder when q(-8) is divided by 24.
3
Suppose -k - 4*x + 36 = 4, k - 5*x + 13 = 0. What is the remainder when (46/8)/(-5 + (-42)/(-8)) is divided by k?
11
Let q = 6 + 0. Let k be 6/(-4)*(-140)/(-42). Calculate the remainder when 1*(-2 - 5)*k is divided by q.
5
Let p = 22 + -23. Let n be (-1 - (-16)/4) + p. Suppose -2 = n*g - 86. What is the remainder when g is divided by 22?
20
Suppose s + 0*s - 102 = -b, -4*s + 513 = 5*b. Calculate the remainder when b is divided by 38.
29
Let t be 2 + -5 - (-5 + -2). Suppose -b + 2*z = -25, 5*b - 126 = t*z + 23. What is the remainder when 98 is divided by b?
32
What is the remainder when 315/(-45) - (-35 - -2) is divided by 6?
2
Let c be -8*((-9)/2 + 0). Suppose g + g = c. What is the remainder when g is divided by (-2)/(-3)*(5 + 22/4)?
4
Let g = 6 + 1. Suppose 0 = -4*k + d + 110, 2*k = -2*d + 5*d + 60. What is the remainder when k is divided by g?
6
Calculate the remainder when (-116)/58 - (-2914 + 1) is divided by 91.
90
Let m(x) = -67*x - 891. Let s(t) be the first derivative of -t**3/3 + 7*t**2/2 + 4*t + 1. What is the remainder when m(-14) is divided by s(6)?
7
Let j = 9 + -5. What is the remainder when 12 - (-15 - (2 - 14)) is divided by j?
3
Suppose -5*w = 3*y - 2467, 12*y = 7*y - 5. What is the remainder when w is divided by 62?
60
Let h = -10 + 15. Let o(s) = 8*s**2 + 2*s**2 - 11*s + s**2 - s**3 + 12. Calculate the remainder when h is divided by o(10).
1
Let f(q) = q + 32. What is the remainder when 116 + 1/2*-2 is divided by f(-3)?
28
Suppose -2*j = j - 132. Let d = 11485 + -11475. What is the remainder when j is divided by d?
4
Let f be -12*(4/(-3) + 1). Suppose -5*p + 3*w = -104, 6*p - f*w = 3*p + 69. Let i = -9 + 16. Calculate the remainder when p is divided by i.
5
Suppose -781 = 15*u + 494. Let x = -73 - u. Calculate the remainder when 22 is divided by x.
10
Let z = 3 - -1. Let y(x) = -4*x - 3. Calculate the remainder when y(-7) is divided by z.
1
Let r(x) = -20*x - 508. Let c be 24/5*(-60)/(-2). Let w = -81 + c. What is the remainder when w is divided by r(-27)?
31
Suppose y - 4 = 20. Suppose 10 = -2*s + y. Calculate the remainder when 11 is divided by s.
4
Let z = -33 + 55. Calculate the remainder when (0 - (-348)/9) + (-2)/3 is divided by z.
16
Suppose 0 = 3*j - 2*h - 0*h - 81, 4*h = -3*j + 63. Let w(o) be the first derivative of -o**2/2 - 7*o - 10. What is the remainder when j is divided by w(-16)?
7
What is the remainder when 219 is divided by (-4)/7 + 7287/147 + -17?
27
Suppose 0 = v + v + 6. What is the remainder when (-1 - v)/(24/132) is d